050. Determine j(5).
-30
Let u(w) = -8*w**2 - 232*w - 16. Calculate u(-31).
-512
Let m(k) = -k**3 + 37*k**2 + 286*k - 11109. What is m(38)?
-1685
Let x(m) = -m**2 - 1323*m - 260823. Give x(-1082).
-61
Let b(y) = -y**3 - 73*y**2 - 107*y + 29. Give b(-71).
-2456
Let a(d) = -7429*d - 22344. Give a(-3).
-57
Let h(q) = -q**2 + 134*q - 2545. What is h(95)?
1160
Let p(g) = 5040*g + 32241. What is p(-6)?
2001
Let t(f) = f**3 + 84*f**2 + 228*f - 964. What is t(-81)?
251
Let v(p) = -2*p**3 - 5*p**2 + 736*p + 22. Determine v(18).
-14
Let u(z) = -267*z - 19687. Calculate u(-82).
2207
Let f(c) = -c**2 - 215*c - 11188. Determine f(-127).
-12
Let l(i) = -1682*i + 492797. Give l(293).
-29
Let p(j) = -4092*j + 2099192. Calculate p(513).
-4
Let q(b) = -1180*b - 74009. Give q(-61).
-2029
Let n(g) = 4113*g - 867799. Determine n(211).
44
Let x(c) = -13*c + 953. Give x(50).
303
Let k(v) = 2*v**2 - 8*v - 2102. Calculate k(-32).
202
Let v(f) = 5473*f + 82147. Give v(-15).
52
Let o(u) = 4*u**3 + 39*u**2 - 1490*u + 863. Determine o(-25).
-12
Let u(h) = h**3 - 17*h**2 - 706*h - 12. Give u(0).
-12
Let o(f) = -4190*f - 921812. Calculate o(-220).
-12
Let w(u) = u**3 + 40*u**2 - 1693*u - 73. Determine w(24).
-3841
Let y(t) = -722*t + 12204. What is y(17)?
-70
Let l(f) = -2*f**3 + 3*f**2 + 170*f - 364. Calculate l(13).
-2041
Let o(h) = -3*h**3 + 18*h**2 - 6050*h + 36298. Give o(6).
-2
Let y(n) = n**3 + 139*n**2 - 109*n + 4281. Calculate y(-140).
-59
Let j(f) = 2*f**3 + 76*f**2 - 49*f - 1820. Give j(-38).
42
Let r(k) = 22*k + 2077. Give r(-65).
647
Let h(o) = 3*o**2 + 709*o + 9396. Give h(-14).
58
Let k(i) = 4*i**3 + 318*i**2 + 792*i - 455. Give k(-3).
-77
Let k(j) = 2*j**3 - 22*j**2 + 663*j - 2875. What is k(6)?
743
Let v(z) = 1774*z**2 - 23075*z + 173. Calculate v(13).
4
Let r(i) = 16*i**2 - 325*i + 272. Calculate r(19).
-127
Let m(k) = -k**2 - 76*k - 352. Give m(-64).
416
Let o(w) = w**2 + 924*w + 53422. Calculate o(-62).
-22
Let z(m) = -186*m**2 + 54*m - 17. Determine z(2).
-653
Let t(i) = -3350*i - 489107. Calculate t(-146).
-7
Let k(z) = -2514*z**2 - 16*z - 12. Determine k(-1).
-2510
Let y(w) = -w**3 + 339*w**2 + 631*w + 17390. Give y(341).
-1
Let g(z) = 2*z**2 - 64*z + 1042. What is g(19)?
548
Let l(h) = 556304*h + 1112611. Give l(-2).
3
Let n(v) = -8*v**2 + 3234*v - 7244. Give n(402).
-8
Let h(s) = -18*s**3 + 6785*s**2 + 374*s + 1123. Determine h(377).
-8
Let n(m) = 3652*m - 5479. Give n(2).
1825
Let f(m) = 49872*m - 12118897. Give f(243).
-1
Let v(n) = -58*n**3 - 16*n**2 + 28*n + 2. What is v(2)?
-470
Let o(c) = 753*c + 95634. Calculate o(-127).
3
Let n(f) = f**3 - 883*f**2 - 127121*f - 13129. Determine n(1009).
-12
Let m(q) = -774*q - 3360. Give m(-5).
510
Let z(j) = -8*j**2 - 22897*j - 250848. What is z(-11)?
51
Let z(p) = -14426*p + 43276. Calculate z(3).
-2
Let q(k) = 165*k**2 - 862*k - 1016. What is q(-1)?
11
Let w(p) = -71*p - 371. Give w(-6).
55
Let a(c) = -183*c**2 + 79941*c + 417691. Give a(442).
1
Let y(m) = -62228*m + 684469. Determine y(11).
-39
Let w(c) = 4*c**2 - 117*c - 6324. Determine w(-27).
-249
Let p(c) = -c**3 - 47*c**2 - 400*c - 15. Determine p(-36).
129
Let f(q) = q**3 + 27*q**2 - 183*q + 307. Determine f(-33).
-188
Let n(m) = -1143*m - 15952. Give n(-14).
50
Let n(p) = -330*p - 48079. Calculate n(-143).
-889
Let a(z) = 2*z**2 - 756*z - 25360. Determine a(-31).
-2
Let w(o) = 73*o**2 - 16949*o + 388. What is w(232)?
-2628
Let g(i) = -15*i**2 + 387*i - 1752. Determine g(6).
30
Let m(n) = -n**3 - 56*n**2 - 552*n - 963. Determine m(-10).
-43
Let m(v) = 17499*v**2 - 34990*v - 24. Calculate m(2).
-8
Let r(c) = c**2 + 174*c + 6547. Calculate r(-55).
2
Let l(n) = -4*n - 190. Give l(-3).
-178
Let u(q) = -10093*q - 20192. Calculate u(-2).
-6
Let v(d) = -d**2 - 152*d - 2951. Give v(-137).
-896
Let q(z) = -4*z**2 + 161*z - 1687. What is q(17)?
-106
Let p(y) = 3182*y - 171847. Calculate p(54).
-19
Let q(j) = -3*j**2 - 700*j + 23820. What is q(30)?
120
Let l(t) = -1264*t + 12584. Calculate l(10).
-56
Let x(w) = 2*w**3 + 12*w**2 - 7*w - 12. What is x(-12)?
-1656
Let u(o) = 50*o**2 + 1433*o - 8894. What is u(-34)?
184
Let h(w) = -4*w**3 + 64*w**2 + 300*w - 4812. Calculate h(16).
-12
Let v(i) = -12*i**2 - 841*i - 5010. Calculate v(-6).
-396
Let x(v) = 2*v**3 - 60*v**2 - 51*v - 144. Give x(31).
197
Let z(b) = -b**2 + 11349*b - 158946. Give z(14).
-256
Let z(a) = -20*a**3 + 141*a**2 - 60*a + 387. What is z(7)?
16
Let i(g) = 5*g**2 + 19736*g + 118375. Give i(-6).
139
Let u(h) = 2*h**3 - 47*h**2 + 227*h - 193. What is u(12)?
-781
Let t(a) = 2*a**2 - 20724*a + 41440. What is t(2)?
0
Let p(b) = -3*b**2 + 52*b - 111. Give p(14).
29
Let g(k) = 527*k + 21315. Give g(-41).
-292
Let j(m) = 84*m**2 + 4651*m - 9309. What is j(2)?
329
Let q(x) = x**3 - 73*x**2 + 335*x - 660. What is q(68)?
-1000
Let m(o) = 53*o**3 - 360*o**2 - 64*o - 69. What is m(7)?
22
Let y(p) = 23*p**2 + 1376*p + 8549. Give y(-7).
44
Let d(i) = -2*i**3 - 618*i**2 - 3635*i + 333. What is d(-303)?
30
Let x(z) = 164*z**3 - 33*z**2 - 28*z - 19. Calculate x(-3).
-4660
Let a(q) = 7*q**2 - 1777*q + 5032. Give a(251).
12
Let z(a) = -a**3 - 253*a**2 + 8842*a - 1178. What is z(31)?
0
Let n(y) = -2*y**2 + 568*y - 5548. Determine n(10).
-68
Let j(d) = d**3 + 14*d**2 - 231*d - 580. What is j(-23)?
-28
Let a(u) = 6362*u - 470784. Determine a(74).
4
Let w(y) = 5834*y + 291694. Determine w(-50).
-6
Let y(v) = -v**3 - 25*v**2 + 2836*v + 11674. Calculate y(-4).
-6
Let s(q) = -573*q + 274631. Give s(480).
-409
Let s(g) = -1888*g + 32097. Calculate s(17).
1
Let i(v) = v**3 + 237*v**2 - 13361*v + 90948. What is i(-285)?
33
Let c(t) = -3547*t + 3519. Give c(1).
-28
Let a(t) = -10*t**2 - 651*t + 13874. Calculate a(-82).
16
Let u(d) = 51*d + 2709. Calculate u(-55).
-96
Let r(l) = -244*l**2 - 53436*l + 167. Give r(-219).
167
Let i(c) = -926*c - 14076. Determine i(-15).
-186
Let d(a) = -3343*a + 234122. Give d(70).
112
Let f(w) = w**3 + 148*w**2 + 1895*w + 2574. What is f(-134)?
28
Let h(y) = -595*y + 4220. Give h(7).
55
Let f(j) = -18*j**2 + 598*j - 3845. Give f(6).
-905
Let k(g) = -g**2 + 2902*g - 994481. Determine k(397).
4
Let z(g) = g**2 - 33009*g + 165019. What is z(5)?
-1
Let z(a) = -24897*a + 373461. Determine z(15).
6
Let u(l) = l**3 + 3*l**2 - 2865*l + 5712. Calculate u(2).
2
Let z(o) = o**3 + 171*o**2 + 473*o + 22805. Calculate z(-169).
-10
Let f(u) = 25991*u - 441780. What is f(17)?
67
Let p(w) = -97*w**2 + 112*w + 1083. Calculate p(4).
-21
Let r(p) = 13013*p + 78009. Give r(-6).
-69
Let a(q) = -1445167*q - 56361518. Calculate a(-39).
-5
Let f(u) = -2*u**2 + 24*u + 141422. Give f(-260).
-18
Let b(o) = 104*o**2 - 1389*o + 19. Calculate b(13).
-462
Let x(m) = -m**2 + 76002*m - 1519643. Determine x(20).
-3
Let c(m) = 1325*m - 12295. Give c(9).
-370
Let z(k) = -9*k**3 - 937*k**2 - 1048*k - 1835. Calculate z(-103).
19
Let l(j) = j**2 + 601*j - 11760. What is l(19)?
20
Let o(v) = -75*v**2 - 516*v + 6. Determine o(-7).
-57
Let w(k) = -5*k**3 + 287*k**2 - 121*k + 461. Determine w(57).
62
Let r(c) = 1223*c + 51371. Determine r(-42).
5
Let d(c) = 90*c + 564. Determine d(-9).
-246
Let x(c) = 57977*c - 174565. What is x(3)?
-634
Let z(h) = 1742*h + 11082. Calculate z(-7).
-1112
Let p(b) = 97849*b - 6164518. Give p(63).
-31
Let r(q) = -61*q**3 + 582*q**2 - 1275*q + 34. Calculate r(6).
160
Let m(u) = -u**3 + 88*u**2 - 92*u + 8696. Calculate m(88).
600
Let x(a) = -27*a**2 + 6151*a - 12292. Give x(2).
-98
Let b(p) = -18187*p - 72749. Give b(-4).
-1
Let i(m) = -5*m**3 + 26*m**2 + 94*m - 215. Give i(7).
2
Let u(x) = x**3 + 41*x**2 + 320*x + 38. Determine u(-10).
-62
Let p(v) = v**3 + 103*v**2 - 1686*v + 442. Determine p(14).
-230
Let a(v) = -4*v**3 - 904*v**2 + 845*v + 57. Calculate a(1).
-6
Let h(d) = 761*d**2 - 10*d. Determine h(-1).
771
Let q(r) = 545*r + 13057. Give q(-26).
-1113
Let q(h) = 2*h**3 + 34*h**2 - 288*h + 1160. Give q(-24).
8
Let j(z) = -z**2 + 8346*z - 824606. Calculate j(100).
-6
Let v(i) = 116*i + 13793. Determine v(-150).
-3607
Let v(s) = -153348*s + 460022. Determine v(3).
-22
Let a(h) = 3*h**3 - 8*h**2 + 740*h - 3800. Give a(5).
75
Let h(b) = -b**3 - 113*b**2 + 45*b + 406. Give h(-113).
-4679
Let f(y) = 10*y**2 + 620*y - 8031. Determine f(11).
-1
Let z(g) = 6*g**2 - 63*g + 263. Determine z(18).
1073
Let s(c) =